s the remainder when 695 is divided by 217?
44
Calculate the remainder when 7830 is divided by 2600.
30
What is the remainder when 838 is divided by 15?
13
What is the remainder when 3288 is divided by 206?
198
What is the remainder when 34708 is divided by 1334?
24
What is the remainder when 638 is divided by 595?
43
Calculate the remainder when 18019 is divided by 106.
105
Calculate the remainder when 3528 is divided by 2781.
747
Calculate the remainder when 9964 is divided by 2368.
492
Calculate the remainder when 345061 is divided by 386.
363
Calculate the remainder when 21182 is divided by 46.
22
Calculate the remainder when 5471 is divided by 32.
31
Calculate the remainder when 19918 is divided by 188.
178
Calculate the remainder when 51244 is divided by 117.
115
Calculate the remainder when 296035 is divided by 148015.
5
What is the remainder when 25784 is divided by 84?
80
Calculate the remainder when 3292 is divided by 115.
72
Calculate the remainder when 5446 is divided by 2509.
428
Calculate the remainder when 3260 is divided by 650.
10
What is the remainder when 17703 is divided by 8?
7
Calculate the remainder when 100116 is divided by 1267.
23
Calculate the remainder when 103180 is divided by 103177.
3
What is the remainder when 1573783 is divided by 127?
126
Calculate the remainder when 2221 is divided by 108.
61
Calculate the remainder when 15282 is divided by 7641.
0
What is the remainder when 56806 is divided by 28386?
34
Calculate the remainder when 3737 is divided by 1830.
77
Calculate the remainder when 918618 is divided by 10.
8
Calculate the remainder when 55847 is divided by 27918.
11
What is the remainder when 200928 is divided by 200920?
8
What is the remainder when 56477 is divided by 5646?
17
What is the remainder when 5682839 is divided by 142?
141
Calculate the remainder when 10976 is divided by 1566.
14
What is the remainder when 4762 is divided by 4721?
41
What is the remainder when 88171 is divided by 29355?
106
Calculate the remainder when 118753 is divided by 65.
63
What is the remainder when 475689 is divided by 809?
806
Calculate the remainder when 7271 is divided by 44.
11
What is the remainder when 32044 is divided by 46?
28
What is the remainder when 867 is divided by 49?
34
Calculate the remainder when 22568 is divided by 420.
308
What is the remainder when 2265 is divided by 562?
17
What is the remainder when 3310 is divided by 1049?
163
What is the remainder when 755061 is divided by 107865?
6
Calculate the remainder when 4577 is divided by 917.
909
What is the remainder when 24408 is divided by 24407?
1
Calculate the remainder when 17944 is divided by 40.
24
What is the remainder when 210510 is divided by 154?
146
What is the remainder when 45240 is divided by 7540?
0
What is the remainder when 1435 is divided by 703?
29
Calculate the remainder when 185145 is divided by 61711.
12
Calculate the remainder when 12257 is divided by 49.
7
What is the remainder when 439450 is divided by 109849?
54
What is the remainder when 24074 is divided by 1?
0
Calculate the remainder when 4206 is divided by 118.
76
What is the remainder when 544 is divided by 26?
24
Calculate the remainder when 5033 is divided by 180.
173
What is the remainder when 8095 is divided by 354?
307
What is the remainder when 366 is divided by 102?
60
What is the remainder when 2113690 is divided by 2099?
2096
Calculate the remainder when 50452 is divided by 136.
132
Calculate the remainder when 34261 is divided by 18.
7
Calculate the remainder when 22016 is divided by 41.
40
Calculate the remainder when 596101 is divided by 85.
81
What is the remainder when 45557 is divided by 1300?
57
What is the remainder when 3957 is divided by 1878?
201
Calculate the remainder when 23578 is divided by 7859.
1
Calculate the remainder when 1220 is divided by 1169.
51
Calculate the remainder when 15139 is divided by 1009.
4
Calculate the remainder when 45012 is divided by 45.
12
Calculate the remainder when 148782 is divided by 5.
2
Calculate the remainder when 14447 is divided by 219.
212
What is the remainder when 15938 is divided by 320?
258
Calculate the remainder when 4252 is divided by 540.
472
Calculate the remainder when 8449 is divided by 68.
17
What is the remainder when 3507 is divided by 59?
26
Calculate the remainder when 1575 is divided by 10.
5
Calculate the remainder when 1176 is divided by 734.
442
Calculate the remainder when 54906 is divided by 229.
175
Calculate the remainder when 17388 is divided by 5716.
240
What is the remainder when 197189 is divided by 405?
359
What is the remainder when 4171 is divided by 1295?
286
Calculate the remainder when 38368 is divided by 4257.
55
What is the remainder when 68681 is divided by 175?
81
Calculate the remainder when 57246 is divided by 229.
225
What is the remainder when 426 is divided by 392?
34
What is the remainder when 312539 is divided by 451?
447
What is the remainder when 8968 is divided by 170?
128
What is the remainder when 143721 is divided by 9581?
6
What is the remainder when 11956 is divided by 20?
16
What is the remainder when 158438 is divided by 206?
24
What is the remainder when 14164 is divided by 14099?
65
What is the remainder when 3213 is divided by 50?
13
What is the remainder when 530 is divided by 154?
68
Calculate the remainder when 3705 is divided by 1046.
567
What is the remainder when 136435 is divided by 3325?
110
What is the remainder when 26788 is divided by 98?
34
Calculate the remainder when 71771 is divided by 11.
7
Calculate the remainder when 59520 is divided by 451.
439
Calculate the remainder when 371487 is divided by 58.
55
What is the remainder when 4188 is divided by 321?
15
Calculate the remainder when 3305 is divided by 60.
5
Calculate the remainder when 13255 is divided by 878.
85
What is the remainder when 1048099 is divided by 10?
9
What is the remainder when 2041 is divided by 678?
7
Calculate the remainder when 178930 is divided by 222.
220
What is the remainder when 335 is divided by 108?
11
What is the remainder when 16566 is divided by 31?
12
What is the remainder when 115748 is divided by 3991?
9
Calculate the remainder when 157823 is divided by 19726.
15
Calculate the remainder when 122205 is divided by 1027.
1019
Calculate the remainder when 22205 is divided by 30.
5
Calculate the remainder when 536612 is divided by 2.
0
Calculate the remainder when 104444 is divided by 336.
284
What is the remainder when 1878 is divided by 1878?
0
Calculate the remainder when 196657 is divided by 73.
68
What is the remainder when 785773 is divided by 67?
64
Calculate the remainder when 11375 is divided by 307.
16
What is the remainder when 16444 is divided by 359?
289
Calculate the remainder when 1381 is divided by 1381.
0
What is the remainder when 34183 is divided by 191?
185
Calculate the remainder when 12167 is divided by 234.
233
Calculate the remainder when 112179 is divided by 790.
789
What is the remainder when 4288 is divided by 1304?
376
What is the remainder when 385691 is divided by 77?
75
Calculate the remainder when 11754 is divided by 2905.
134
Calculate the remainder when 6935 is divided by 2307.
14
What is the remainder when 18541 is divided by 18493?
48
Calculate the remainder when 27280 is divided by 593.
2
What is the remainder when 12689 is divided by 617?
349
Calculate the remainder when 2367 is divided by 185.
147
Calculate the remainder when 1439 is divided by 32.
31
Calculate the remainder when 512 is divided by 170.
2
What is the remainder when 14115 is divided by 4?
3
Calculate the remainder when 7007 is divided by 302.
61
What is the remainder when 164768 is divided by 82378?
12
Calculate the remainder when 17454 is divided by 443.
177
What is the remainder when 840 is divided by 740?
100
Calculate the remainder when 21757 is divided by 531.
517
Calculate the remainder when 102599 is divided by 76.
75
What is the remainder when 399 is divided by 38?
19
What is the remainder when 2606 is divided by 693?
527
Calculate the remainder when 57296 is divided by 50.
46
What is the remainder when 14482 is divided by 204?
202
What is the remainder when 1893 is divided by 35?
3
Calculate the remainder when 1199591 is divided by 2.
1
W